greatest common divisor of 15 and j.
15
Suppose -l + 2 = -0. Suppose -l*h = -6*h + 4. Calculate the highest common factor of 3 and h.
1
Suppose 0 = 6*k - 4*k - 6. Suppose -h - 2*h = -d - 27, 5*d = -k*h + 27. Suppose -196 = -3*c + 101. What is the highest common factor of c and h?
9
Suppose -4*o = -6*o + 10. Let l(h) = -3 + 0 - 2*h - h**2 + 2*h**2. Let d be l(o). Calculate the highest common factor of d and 48.
12
Let i(l) = -l**3 + 3*l**2 - 3. Let s be i(3). Let z be (42/(-9))/(1/s). Calculate the highest common factor of z and 7.
7
Suppose -3*y - 2*f + 0*f = -67, 3*y - 4*f - 91 = 0. Let l be 1/(-4) - (-1602)/8. What is the greatest common factor of y and l?
25
Let b(h) = -3*h - 18. Let k be b(-8). Let g = -7 + 9. Suppose -25 - 23 = -g*z. Calculate the highest common divisor of z and k.
6
Suppose -1 = i - 2*i. Let s be (i - 2) + (-1)/(-1). Suppose s = 2*g - 98. Calculate the greatest common divisor of g and 7.
7
Let j(z) = -7*z**3 + z**2 - 2*z + 2. Let k be j(3). Let r = -4 - k. What is the greatest common divisor of r and 20?
20
Suppose 3*p + o - 6 = 0, 6*p + 4*o = 2*p + 8. Let h be 1/(p - (-3)/(-2)). Calculate the highest common factor of 4 and h.
2
Let g be (-2 - -1)*(-4 + 2). Suppose g*i - 3 = 1. Suppose i*j + 10 = 0, -5*w - 5*j + 203 + 312 = 0. Calculate the greatest common divisor of w and 12.
12
Let f = 26 - 16. What is the highest common divisor of f and 2?
2
Let t be (-149)/(-4) + 4/(-16). Let m = 9 + t. Suppose 4*x + 6 = m. Calculate the highest common factor of 10 and x.
10
Suppose -3*t + 53 + 60 = 4*f, 2*t - 106 = 5*f. Suppose -3*c - 5*g + 19 = -0*g, 3*g + t = 5*c. What is the greatest common divisor of 64 and c?
8
Let a be 51*(6 + -3)/9. Suppose 2*v - a = 3. Calculate the greatest common factor of v and 2.
2
Let a(z) = 9*z + 6*z + 3 + 4*z - 3*z. Suppose w + 10 = -4*n, 4*w + 2*n - 28 = 3*n. Let h be a(w). Calculate the greatest common factor of h and 9.
9
Let m be (72/27)/(2/57). What is the highest common factor of m and 190?
38
Suppose -4*d = -f + 28, -50 = f - 3*f + 5*d. Calculate the greatest common factor of 4 and f.
4
Let r = 44 - 27. What is the greatest common factor of r and 170?
17
Let j(s) = -6*s + 24. Let i be j(-16). What is the highest common divisor of i and 15?
15
Suppose 0 = 4*n + h - 18, 2*n - 3*n - h = -3. Suppose -n*t - 57 = -4*x - 262, t - x - 40 = 0. What is the highest common factor of t and 30?
15
Suppose -5*h = 5*c - 145, 0 = -h + c + 21 - 2. Calculate the highest common divisor of 24 and h.
24
Let i be (12*1)/((-6)/4). Let t be 3/(-12) + (-1602)/i. Suppose -3*w = 2*w - t. What is the highest common factor of w and 5?
5
Suppose 2*g = -o - 9, -5*g + 2*o = -0*o. Let n be g/3*(1 - 7). Let x be (-452)/(-14) - (-6)/(-21). Calculate the highest common divisor of n and x.
4
Let c(u) = 2*u**2 + u - 4. Let f be c(-2). Calculate the highest common factor of 8 and f.
2
Let m(b) = 9*b**2 + b - 1. Let l = -15 + 16. Let t be m(l). What is the highest common factor of t and 72?
9
Let d be 1/(-3) - (-30)/9. Let y be d/(-12)*-2*-216. Let x be y/(-4) - (1 + 0). Calculate the greatest common divisor of x and 39.
13
Let w = 1 + 21. Calculate the highest common factor of w and 77.
11
Let h = -44 - -134. Let c = -38 + h. Calculate the greatest common factor of c and 13.
13
Let s be 90/25*(31 - 1). What is the highest common factor of s and 27?
27
Let m be 0 + 4 - (-1 - -2). Suppose -1 = -m*q + 2*q. Let k = q + 11. Calculate the highest common factor of k and 12.
12
Suppose 5*d - 3*d = 24. Let w be ((-12)/(-15))/(3/225). What is the greatest common divisor of w and d?
12
Suppose -4*f - 2*n + 96 = 2*n, 5*f = -3*n + 112. Suppose -s - 4*s = -500. What is the greatest common factor of f and s?
20
Let p(l) = l**3 + 6*l**2 - 4*l + 4. Let t be p(-6). Suppose 2*m + 123 = 291. Calculate the greatest common factor of m and t.
28
Let j = 36 - 22. Suppose 3*b - 4*q = -0*q + 159, -b - 5*q + 72 = 0. Let f = b + -36. What is the greatest common divisor of j and f?
7
Let c = 3 - 0. Suppose 3*q = -4*m + q, c*m - q - 10 = 0. Let t be 8/m - (3 - 1). What is the greatest common divisor of t and 18?
2
Suppose -12*j + 7*j = -300. Let t(c) = c**2 + 2*c - 3. Let u be t(3). Calculate the highest common factor of u and j.
12
Let i be ((-3)/(-2))/(6/56). Calculate the highest common factor of i and 266.
14
Let z(b) = b - 13. Let o be z(25). Calculate the greatest common factor of o and 12.
12
Let w(k) = -k - 2. Let h be w(-2). Let m(d) = -d**2 - d + 3. Let x be m(h). Suppose x*j - 16 = j. Calculate the highest common divisor of 1 and j.
1
Suppose 3*g + 4*c = 109, -g + 2*c - 16 + 69 = 0. Suppose -17 = -3*y + g. Let x be (-5)/(-20) + 2637/12. What is the highest common factor of x and y?
20
Suppose 6*g + 14 = 8*g. Let h = -13 + 14. Calculate the greatest common factor of g and h.
1
Let n(o) = 8*o**2 + o. Let s be n(-2). What is the greatest common divisor of s and 15?
15
Let g = -170 - -208. Calculate the greatest common divisor of g and 95.
19
Suppose -4*x + 12 = 0, -2*x + 5*x + 81 = 3*l. What is the greatest common divisor of 10 and l?
10
Let v(p) = -p + 176. Let r be v(33). What is the highest common divisor of r and 13?
13
Let j(n) = n**3 - 6*n**2 - 5*n + 9. Let a be j(7). Let z = 39 - a. What is the highest common divisor of 40 and z?
8
Let m(w) = -w**3 + 13*w**2 - 16*w + 12. Suppose -3*p - p = -k - 10, -5*p = -3*k + 5. Let c be m(k). Calculate the greatest common divisor of c and 19.
19
Suppose -2*u + 56 = 2*u. What is the greatest common divisor of u and 70?
14
Let k be (-908)/(-14) - 5/(-35). What is the highest common factor of 39 and k?
13
Let c = 15 - 10. Suppose -c*m + 4*m = -10. Let d = 12 + 3. Calculate the highest common divisor of d and m.
5
Suppose -4 = 4*m + 5*n + 7, -3*m - n = 0. Calculate the highest common divisor of 2 and m.
1
Suppose 3*p - 2*n - 14 - 18 = 0, -3*p = 3*n - 42. Suppose 0 = -h - 5*u + 16, 3*u = -5*h + u + 172. Calculate the highest common divisor of h and p.
12
Suppose -14 = 3*u - l + 43, 0 = -4*u + 4*l - 84. Let z be ((-348)/(-9))/((-3)/u). What is the highest common factor of z and 29?
29
Let f = 5 + -3. Let p be f - (-39)/3 - -3. What is the highest common factor of p and 2?
2
Suppose -3*u + 2*l + 29 = 0, -2*u + 17 = -0*l + l. Let i = 12 - u. What is the highest common divisor of i and 2?
1
Let j be (3 - -98)*-1 - 3. Let f = j + 203. Calculate the greatest common divisor of f and 11.
11
Suppose -47 = -3*b - 4*j, -b - 2*j = 2*j - 5. Calculate the highest common divisor of b and 3.
3
Suppose 4*r + 2*c - 270 = 0, c = 4*r - 4*c - 249. Let w = -30 + r. What is the highest common divisor of w and 12?
12
Suppose 12 = 3*z - 15. Let y = z + -3. Let f be (5/10)/(1/48). What is the greatest common factor of y and f?
6
Let f = 41 - -4. Suppose 3*l - h - 17 = 0, 0 = 5*l + 2*h - 7*h - f. What is the highest common divisor of l and 10?
2
Suppose 80 = 2*y + 30. Calculate the greatest common divisor of y and 5.
5
Suppose 38 = 5*c + 13. Suppose 5*i = 3*i + 90. What is the highest common divisor of c and i?
5
Suppose 25 = 5*d - 575. What is the greatest common factor of 48 and d?
24
Let f be (-14)/(-91) + (-4)/26. Suppose f = b + 2*b - 72. Let m = 3 - -5. What is the greatest common divisor of b and m?
8
Let k(m) = -7*m + 6. Let o(f) = -20*f + 17. Let x(l) = -17*k(l) + 6*o(l). Let d be x(-6). Calculate the highest common factor of 6 and d.
6
Let x be 410/35 - 4/(-14). Let t = x - -2. Suppose -5*g = -5*f - 225, 5*g - 173 = 2*f + 43. Calculate the highest common factor of t and g.
14
Let b be (-6)/(9/3) - -5. Let d(q) = 1 + b*q + q - 1. Let u be d(6). What is the greatest common factor of u and 36?
12
Let t = 154 + -145. What is the highest common factor of 1 and t?
1
Let k be ((-16)/(-10))/((-14)/(-35)). Let y be 4/(-1 + k/3). Calculate the greatest common divisor of y and 36.
12
Let h be -3 - ((-3 - -6) + -26). Let f be (-2)/5 - (-531)/15. Suppose f = 5*r - 115. Calculate the greatest common divisor of h and r.
10
Let w = 18 - 3. Suppose 8*k = -6*k + 70. What is the greatest common factor of k and w?
5
Let u(q) = q**2 + 18. Let t be u(0). Let z = 22 + t. What is the highest common divisor of 20 and z?
20
Let b(i) = i**2 - 3*i - 3. Let u = -5 - -4. Let c be 3 + -5 - u - 3. Let k be b(c). Calculate the highest common factor of k and 10